 greatest common divisor of 56 and k.
4
Let y(v) = -109*v + 1020. Let m be y(8). What is the greatest common divisor of m and 2923?
37
Let g = -30622 + 31149. Calculate the highest common factor of g and 124.
31
Let v be (-4)/(-3)*(-1)/(8/1020). Let k = v - -121. Let p = k - -104. What is the greatest common divisor of p and 11?
11
Let j be -128 - -131 - 1*-2*1. What is the greatest common factor of j and 1?
1
Let b be (-1)/(-2)*6*90. Let q be -19 - -20 - (0 - 282). Let f = 310 - q. What is the highest common factor of f and b?
27
Suppose -3*u = -5*u + 5*n - 3, -4*u + n = -39. What is the greatest common factor of u and 3179?
11
Let z(t) = t**2 - 3*t - 4. Let o = 109 + -105. Let y be z(o). Let u be 18 + y + 4/(-1). Calculate the highest common divisor of 28 and u.
14
Let u(t) = -2*t**3 - 47*t**2 - 223*t + 57. Let w be u(-17). What is the highest common divisor of w and 427?
7
Let y(v) = -12*v**2 - 9*v + 13 - 2*v**3 - 6*v + v**3. Let w be y(-11). Let h = 61 - w. What is the highest common divisor of h and 16?
4
Let d be 10/35 + 81055/91. Let r = 894 - d. Let y = -24 + 39. What is the greatest common factor of y and r?
3
Suppose -5*j - 4*i - i + 30 = 0, -2*j + 26 = -5*i. Let r be 4*j/(-96)*-12. Calculate the greatest common factor of r and 44.
4
Suppose 0 = -4*u - 3*b + 102, -60 = -5*u - 3*b + 66. Let z be (-2 - 0)/((-7)/(70/4)). Suppose -42 - 18 = -z*h. Calculate the highest common divisor of u and h.
12
Let y(i) = 126*i**2 + 3*i - 4. Let l be y(2). Let g = l - 258. Let q be 5 + -13 + (32 - -7). What is the greatest common divisor of q and g?
31
Let h be 430 - (-6 - 1 - (-6)/((-30)/(-35))). Calculate the highest common divisor of 1376 and h.
86
Let p = -3859 + 3972. What is the highest common divisor of p and 10961?
113
Suppose -206*k = 159122 - 189126 - 3472202. Calculate the highest common divisor of k and 9.
9
Let v = 681 - 678. Suppose -3*m + u = -u - 51, 0 = 3*u - 9. Let f be (3 - v - -1) + m. What is the highest common divisor of f and 140?
20
Suppose 0 = 4*y - 28 + 28. Suppose -4*f + 46 - 14 = y. Calculate the highest common divisor of f and 20.
4
Let l = 2388 + -3684. Let o be ((-22)/8)/(18/l). Calculate the greatest common divisor of o and 132.
66
Suppose -4*g + 96 = -g. Let i = 52 - g. Let x = 368 + -148. Calculate the greatest common divisor of i and x.
20
Let r(t) = 3*t**3 - 16*t**2 + 18*t - 19. Let x be r(6). What is the highest common factor of x and 391?
23
Suppose c - 1034 = -4*l - 290, -l + 186 = -3*c. What is the greatest common factor of l and 2325?
93
Let f = 238 + -219. Suppose -14*z + f*z = 660. What is the highest common factor of 99 and z?
33
Suppose 94*z = 120*z - 598. Let d = 12 + -7. Suppose d*f + a = 576, -5*f = 4*a - 133 - 446. Calculate the highest common factor of z and f.
23
Let f = 10 - -3. Suppose -5*z = -375 - 15. Let x be (-3)/(-12)*z*2. What is the greatest common factor of f and x?
13
Suppose -3*c + 167*r + 63 = 171*r, -4*c = -4*r - 84. Suppose -2*p + 4*t - 48 = -242, -5*p - 5*t + 545 = 0. What is the greatest common divisor of p and c?
21
Suppose c + 2*c = -5*x + 620, -5*c + 5*x + 980 = 0. Suppose -o - a = 3*a - 61, -2*o - 2*a + 68 = 0. Calculate the highest common divisor of o and c.
25
Let x(q) = 33*q + 1529. Let n be x(-45). Let k(v) = v**3 + 6*v**2 - 6*v - 12. Let h be k(-6). What is the greatest common factor of h and n?
4
Let c = -4801 + 9624. Calculate the greatest common factor of 7 and c.
7
Let h be -3*(4 + (2 - (-2 + 9))). Suppose 133 = -s + 2*s - h*p, s = -5*p + 125. What is the greatest common factor of 40 and s?
10
Suppose f + 393 = 3*j + 1708, -4*f + 2*j + 5210 = 0. What is the greatest common divisor of f and 1612?
52
Suppose 190*v - 741 = 187*v. What is the greatest common factor of 304 and v?
19
Let l be (5 - 206)/(-7 - 7/14*-8). What is the greatest common factor of l and 16147?
67
Let a = -3212 - -4284. What is the highest common divisor of 32 and a?
16
Let s(b) = 5*b - 8*b - 43 + 12. Let r be s(-12). Suppose -16 = -r*k - 0*k + 2*q, -12 = -k - 4*q. What is the greatest common divisor of 16 and k?
4
Suppose 32*p + 34*p - 449672 = -135710. What is the highest common factor of 134 and p?
67
Let g be 6/(2/(-864)*-6*2). Suppose 18*m - g = 15*m. Let h(p) = 49*p**2 + 2*p + 1. Let k be h(-1). Calculate the highest common divisor of k and m.
24
Let v = 181548 - 181053. Let i be 1/((-1)/(-54)) + 1. Calculate the highest common factor of v and i.
55
Let w = 15 + -15. Suppose -7*g + 11*g + 88 = f, f - 5*g - 90 = w. Calculate the highest common divisor of f and 100.
20
Let j = -4456 - -4536. What is the greatest common factor of 48 and j?
16
Let m(j) be the first derivative of 25*j**3/3 - 3*j**2 - 9*j - 12. Suppose 0 = -0*a - a - 3. Let c be m(a). What is the greatest common factor of 26 and c?
26
Let s = 32020 + -31888. What is the highest common divisor of 222 and s?
6
Let q = -138 + 149. Let v be 6*(-2)/(-4) - -9. Suppose -17*a + 55 = -v*a. Calculate the greatest common factor of a and q.
11
Let w(j) = 11*j**2 + 30*j + 13. Suppose 13*y - 62 = -114. Let g be w(y). What is the highest common factor of g and 253?
23
Let x = -15 - -3. Let k be (-7560)/(-90)*1/((-14)/x). Calculate the highest common divisor of k and 8.
8
Let q be 8/10 + (-190)/50 + 3. Suppose q = 73*f - 838 - 8360. Calculate the greatest common divisor of 12 and f.
6
Let m be (4/(-8))/((-1)/(-4))*(-51863)/478. Calculate the greatest common divisor of m and 7812.
217
Let w = -14643 - -14687. What is the greatest common divisor of w and 6226?
22
Suppose -7*r + 78 = a - 2*r, -r = 3*a - 178. Suppose 139 = -4*x - 3*f + 1162, -2*x - f = -515. Calculate the greatest common factor of a and x.
29
Let f be (3 + (-27)/6)/((-5)/(-120)). Let t be 6*-15*(-8)/f. Let z = 45 + t. Calculate the highest common divisor of 200 and z.
25
Suppose 0 = 4*w - 4*g + 4, 2*g = -5*w + 28 - 5. Suppose n - 15 = 20*m - 23*m, -5*n + 21 = -w*m. What is the greatest common factor of 22 and n?
2
Suppose -10*w + 17*w - 49 = 0. Suppose t = 4*m + 170, 6*m - w*m = -t + 185. Calculate the highest common factor of 38 and t.
38
Suppose -4 = 4*d, -1700 = 40*n - 42*n - 4*d. What is the greatest common divisor of n and 3621?
213
Suppose 4*u - 1528 = -4*d, 2*d + 27*u - 752 = 28*u. What is the highest common factor of 196 and d?
14
Let o(m) = 16*m**2 - 246*m + 1954. Let n be o(8). What is the greatest common divisor of n and 40?
10
Let f be (-849)/(-6) + -5 + 3/6. Suppose -f = 52*a - 53*a. Let x = -107 + a. What is the greatest common divisor of 45 and x?
15
Let c(y) be the second derivative of -y**3/2 - 27*y**2/2 - 3*y + 8. Let u be c(-13). What is the highest common factor of u and 8?
4
Let b = -313 - -343. Suppose -b*x + 26*x = -840. Calculate the highest common factor of x and 315.
105
Let o(g) = g**3 + 12*g**2 - 45*g + 3. Let y be o(-15). Suppose j + 3 = 0, y*n + 691 = 7*n + 3*j. What is the greatest common factor of 5 and n?
5
Let x(w) = -7*w**3 - 14*w**2 + 2*w - 47. Let v be x(-10). Calculate the greatest common divisor of v and 11.
11
Suppose 2 = -8*i + 34. Suppose 0 = 5*k - 4*d, -k + 9 - 25 = -i*d. Calculate the highest common factor of 256 and k.
4
Suppose -2*u = -1590*g + 1589*g - 667, -10 = -2*g. What is the highest common divisor of u and 4944?
48
Suppose -4*r + 2*r + 12 = 0. Suppose 0*a + 4*a + 16 = 0. Let p be 2384/36 - ((-8)/9)/a. Calculate the greatest common factor of r and p.
6
Let q be (17 + 0)*-1 - -82. Calculate the highest common divisor of 10049 and q.
13
Let n = 309 - 189. Suppose 3*v - 5*k - 65 = 0, -3*k = -v - 10 + 37. What is the highest common divisor of v and n?
15
Let f(q) = 90*q + 1200. Let s be f(-12). What is the highest common factor of s and 648?
24
Let j = -4820 - -4868. What is the greatest common divisor of j and 2124?
12
Suppose 3*f - 110 = 5*u + 48, -f + 62 = -3*u. What is the greatest common divisor of 33 and f?
1
Suppose -9*l = 11*l + 40. Let m(y) = -3*y + 9. Let i be m(l). What is the greatest common factor of 285 and i?
15
Let i(x) = 85*x**2 - 22*x - 73. Let t be i(-5). What is the highest common divisor of t and 188?
94
Let d(v) = v**3 + v**2 + v - 1. Let a be d(1). Let n be (-6)/(-1) - ((-7 - a) + 6). Let s be -6*66/n*15/(-12). What is the highest common divisor of 22 and s?
11
Let f(i) = -1651*i - 1589. Let j be f(-4). What is the 